1*l + 4 + 1 - 4. Suppose -1003*h + 4 = -1001*h. Is i(h) a prime number?
True
Let z = 25 + -19. Suppose -b - 13 = 4*l, -3*l + z*b = 2*b + 5. Is 3*(l + 4 + 190) a prime number?
False
Let c(w) = 3*w**2 - 9*w - 3. Let j(f) = -8*f - 10. Let i be j(-2). Is c(i) prime?
False
Suppose -20*w - 459946 + 1134486 = 0. Is w composite?
True
Suppose 4*x + 4*g + 2249 = 3*x, -8979 = 4*x - g. Let l = 3938 + x. Is l a composite number?
False
Let y(n) = n**2 + 15*n - 7. Let o be y(-16). Suppose -13*t + 12652 = -o*t. Is t a composite number?
False
Suppose i = 4*y - i - 202, -y + 55 = 4*i. Suppose y*w = 48*w + 5385. Is w composite?
True
Let l = 52 - 40. Is -2 + -1 + (l - -370) composite?
False
Let o(u) = -2*u**3 - 16*u**2 - 1. Let n = -5 + -7. Let i be o(n). Suppose -483 = -h + 2*l, l - i = -3*h + 284. Is h a prime number?
True
Suppose -6*b + 5457 = -1749. Is b prime?
True
Let f(z) be the second derivative of z**5/10 + z**4/12 + 11*z**3/6 + 7*z**2/2 + 14*z. Is f(5) prime?
True
Let y(l) = -4*l + 21. Let h be y(6). Let s be 10/h*3717/(-35). Suppose 4*f - 359 = -5*u, 0*f + f + s = 5*u. Is u prime?
True
Suppose 0 = -103*t + 101*t - 6. Let l(q) = -4*q**3 - 6*q**2 - 6*q - 3. Is l(t) composite?
True
Let j(d) = -d**2 - 22*d - 56. Let x be j(-11). Let u = x + 314. Is u composite?
False
Suppose -5*g = b - 1241, -3*g + 2*b + 731 = 6*b. Suppose 1208 - g = q. Is q prime?
False
Let a(y) = -3*y**3 + 7*y**2 + 26*y - 7. Is a(-12) a composite number?
True
Let o = -100 + 100. Suppose o = -5*f + 3064 + 5141. Is f a composite number?
True
Let l(d) = -4*d + 2*d**2 + 0 + 2*d**2 + 1 + 5*d. Let h(p) = -5*p**2 - 2*p. Let b(o) = 3*h(o) + 4*l(o). Is b(-7) a composite number?
False
Let m be (2 - 92/16) + (-2)/8. Is -2 + m/(-2)*(-363)/(-6) a prime number?
False
Is (1 + 29765 - -10) + 1 composite?
True
Let o = 6380 + -2689. Is o a composite number?
False
Let v = 325 - -349. Suppose -4*b - 3*h + v = 88, 8 = 4*h. Is b a prime number?
False
Suppose 2*a + 2*c - c - 7 = 0, 2*a - 5*c = 25. Suppose -a*z - 27 + 12 = 0. Is 15/(-5) - (-45 - z) composite?
True
Suppose 6296 = -25*w + 29*w. Is w composite?
True
Let b(x) be the first derivative of 101*x**2/2 - 26*x + 9. Let i be b(19). Suppose 4*w - w - i = 0. Is w a prime number?
True
Suppose 49 = 4*c - 15. Suppose -9*x = v - 4*x - c, 5*x = -4*v + 109. Is v prime?
True
Let r(y) = 920*y**2 - 16*y + 11. Is r(2) prime?
True
Let s(g) be the third derivative of g**5/60 + g**4/8 + 5*g**3/6 + 2*g**2. Let b be (1/1)/(4/(-72)*3). Is s(b) a prime number?
True
Suppose -3*w - 14766 = 2*w - 2*n, 5*n = -2*w - 5889. Let s be (1/2)/(6/w). Let x = -119 - s. Is x composite?
False
Let n(s) = 5*s**2 + 31*s - 38. Is n(-24) a prime number?
False
Suppose 5*l = l + 1060. Suppose -2*u = -2*w - 182 - 68, 2*u + w - l = 0. Let s = 217 - u. Is s composite?
True
Let l(h) = h**3 - h**2 + h - 1. Let c(i) = 5*i**3 - 18*i**2 + 3*i + 9. Let v(o) = -c(o) + 4*l(o). Let g be v(10). Let s = -282 + g. Is s a composite number?
True
Let g be (-6)/(-10) + 290/(-25). Let q(i) = -i**3 - 9*i**2 + 3*i - 15. Let z be q(g). Suppose 3*t - 552 = -3*f + 4*t, -f = 3*t - z. Is f a prime number?
False
Let q = 1 + -1. Suppose q = 8*g - 4*g - 1912. Is g a composite number?
True
Let y be 0 + (-8)/14 + (-53)/(-7). Suppose y*r - 9*r + 2206 = 0. Is r a composite number?
False
Suppose 6*q - 4*q - 2 = 0. Let m be q*521 - (-30)/10. Suppose 7*b - 11*b + m = 0. Is b a composite number?
False
Let o(j) be the third derivative of -j**4/24 - j**3/3 - 7*j**2. Let g be o(-5). Suppose h + 384 = 3*u, g*u - 4*h = -2*u + 647. Is u composite?
False
Suppose 0 = -v - 2*w - 3, 3 = -2*v - w - 4*w. Let r be 597*3*(-2)/v. Suppose -2*o - 3*q = -799, 5*o + q = 4*o + r. Is o prime?
False
Suppose -2*h + 7*o - 49628 = 2*o, -2*h - 49628 = -3*o. Is (-1 + -1)*h/76 a composite number?
False
Let g = -158 + 197. Is g composite?
True
Let v(w) = w**2 + 3*w + 9. Let g(z) = -3*z + 5. Let d(f) = 9*f - 14. Let m(i) = 4*d(i) + 11*g(i). Let k be m(-3). Is v(k) composite?
False
Let y = -637 - -1176. Let d = -360 + y. Is d a composite number?
False
Let o be 3 + 6 + -1 - -2. Suppose 8*z + 252 = o*z. Is 1/(1 + z/(-129)) a composite number?
False
Let k = 21 - 21. Suppose -4*g - 25 + 5 = k. Let b(d) = -43*d + 8. Is b(g) a composite number?
False
Suppose 6*a - 21 = 3. Suppose 2*w - u - 1700 = 0, -u + a = u. Is w a composite number?
True
Let g(r) = 10*r**2 + 2*r - 22. Let o be -4 - (-3 + -1) - (11 + 2). Is g(o) composite?
True
Let x be 4/10 + 232/(-5). Suppose -8 = -3*w + 187. Let a = w + x. Is a prime?
True
Let s be 13/(-26) - 66/(-4). Suppose h - 307 = -s. Is h a composite number?
True
Let z be 7/(-56) - 2367/8. Is z/32*-28*(1 + 0) composite?
True
Let z = -6 - -10. Let v(m) = -1 - m + 0 + 12*m**2 - z*m - m. Is v(-6) a prime number?
True
Let n = 67355 - 36048. Is n a composite number?
False
Suppose -w = w - 6. Let k be 2 + w + (-3 - 1). Suppose 2*t = 4*j + k + 29, -4*t - j = -24. Is t a prime number?
True
Let o = 16569 + 660. Is o a prime number?
False
Let f(k) = -32*k**3 - 12*k**2 - 17*k + 81. Is f(-8) a composite number?
True
Let a = -5 + 10. Suppose -4*h + m - 13 = 0, -3*m = a*h - 7 + 2. Is -10*(-2 + 75/h) a composite number?
True
Let m = 8 + -2. Suppose 11*p - m*p - 10 = 0. Suppose 0 = p*z - z - 85. Is z a composite number?
True
Is (-1641*(-2)/3)/(30/645) composite?
True
Let o be 4/(-6) + 90792/27 + 7. Let q = o - 1307. Is q composite?
True
Let o be 10/(5/((-15)/(-6))). Suppose o = i - 2*j, 4*i = 2*i - j + 35. Suppose b + 12 + i = 5*l, -5*l + 45 = 5*b. Is l composite?
True
Suppose 0 = -10*g - 126760 + 800610. Is g a prime number?
False
Let s(o) = 3*o. Let y be s(4). Let t(k) = -k**2 + k - 1. Let l(f) = -2*f**2 + 22*f - 11. Let q(i) = l(i) - 4*t(i). Is q(y) a composite number?
True
Let p(t) = -2*t**3 - 4*t**2 - 15*t - 9. Let l be p(-10). Let w = l - 654. Is w a prime number?
True
Let p(k) = 5 - 61*k - 7 - 10. Let j be p(-8). Suppose 0 = -0*v + 4*v - j. Is v a prime number?
False
Suppose -4*l + 16 = c, 0 = 3*l - 11 + 2. Is (-2)/c + -3 + 3010/4 composite?
True
Let k = 765 - 1757. Let w = -81 - k. Is w a prime number?
True
Is (68535/(-60))/(3/(-20)) prime?
False
Suppose 0 = 5*g - 12 - 8. Let r be (3 - g) + 3 + 3. Suppose 2*i - 211 = -l + 4*l, r*i - 585 = -4*l. Is i prime?
True
Let l = -9814 + 26060. Is l composite?
True
Suppose -5*u + 16 = 1. Let o(w) = 3*w + 5*w**2 + 24 - 9 - 14. Is o(u) composite?
True
Let b(u) = 73*u - 1. Suppose 4*l + l = -5. Let g be b(l). Let m = g - -201. Is m a composite number?
False
Suppose -5*b - 8803 = k + 5845, 0 = -3*b - 2*k - 8786. Is b/(-18) - 6/(-27) a prime number?
True
Suppose 4*k = 4*r - 10804, -3*k + 7 + 8 = 0. Suppose -3*x = -3*l - r, 2*x = -0*x + 5*l + 1807. Is x composite?
True
Suppose 0 = -4*q - 4*h + 44, 4*q + 3*h + 0*h - 47 = 0. Is q a prime number?
False
Let s(d) = -2924*d - 95. Is s(-12) a composite number?
True
Suppose -2*j = -s + 160, 5*s = -0*j + j + 98. Let z = 149 + j. Is z a composite number?
False
Let x be 3 + (-1 - -2) - -1. Let a be 1336 + -3 + x + -2. Suppose 4*h + 4*t = a, -2*h = -t - 436 - 223. Is h composite?
False
Let x = -52612 + 146135. Is x a composite number?
False
Let s be -347 - (6 + 1 - 5). Let f be (2 - 193)*1*1. Let j = f - s. Is j composite?
True
Let z be (-19*(-4 - 862))/2. Let a = z + -4590. Is a a composite number?
False
Let x(f) = f**3 + 14*f**2 + 7*f + 8. Let l be x(-12). Let b(d) = -2 + 4*d - 8*d + l*d**2 + 3*d. Is b(-1) a prime number?
True
Suppose 4*x + x = 1465. Suppose -2*z + 98 = -2*u - 210, x = 2*z + u. Is z a composite number?
False
Suppose 5*c - 23076 + 6031 = 2*l, 2*l = 4*c - 13638. Is c a prime number?
True
Suppose -2*k + 4 - 2 = -2*p, k - 4*p = -8. Suppose 6 = 2*b + k, 2*l - 3*b = 443. Is l composite?
False
Let s = -6686 + 10257. Is s a composite number?
False
Let c(u) = -u**3 + 16*u**2 - 11*u + 25. Suppose -4*n + 2*b + 74 = 22, b = 0. Is c(n) a composite number?
False
Let u(s) = -35 - 4*s + 40*s**2 + 83 - 43. Is u(4) a prime number?
False
Suppose 4 = q + 1. Let f = 164 + -107. Suppose q*g + 0*g = f. Is g a composite number?
False
Let q = 340 - 517. Let a = 34 - 72. Let k = a - q. Is k a prime number?
True
Suppose -5*v + 3*g - 8310 = 0, 2*v - 5*v = 2*g + 4967. Let h = v + 2402. Is h a prime number?
True
Let y = -56 - -59. Suppose -a + 2*a - 5*k - 19 = 0, -k - 3 = -a. Is (-3)/